 digit of c?
5
Suppose -4*k = 0, -16*k = -w - 14*k + 725. What is the tens digit of w?
2
Let w(t) = 10*t**2 + 15*t - 29. What is the tens digit of w(-9)?
4
Let h = 17 - 18. Let z(v) = -204*v**3 + v + 1. What is the units digit of z(h)?
4
Let k(p) = 2*p**2 - 1. Let g(c) = -5*c**2 + 10*c + 20. Let z(s) = g(s) + 3*k(s). What is the hundreds digit of z(-19)?
1
What is the tens digit of ((-5)/((-300)/(-38568)))/((-2)/5)?
0
Let s = -62 + 87. What is the hundreds digit of (-911)/(-6) + s/150?
1
Let j be ((-12)/(-10))/(4/10). Suppose q - 4*b + 0 - 1 = 0, -j*q + 3*b + 12 = 0. Suppose -80 = f - q*f. What is the tens digit of f?
2
What is the tens digit of 41157/33 + (-12)/66?
4
Suppose 6*p = -p + 28. Suppose 0 = p*t - 2*m - 126, 4*m + 59 = 2*t - m. What is the tens digit of t?
3
Suppose -7*l = -144 - 94. What is the tens digit of l?
3
Let z(d) be the third derivative of 7*d**4/12 + 5*d**3/2 - 38*d**2. What is the hundreds digit of z(10)?
1
What is the units digit of -545*(-1)/(3 + -2)?
5
Suppose -5*s = -16*s + 1254. What is the tens digit of s?
1
Suppose -7*h - 2276 = -12*h - 2*k, -h = -4*k - 442. What is the hundreds digit of h?
4
Let s(v) = -3 - 12*v + 2 + 11*v + 5. Let t be s(-2). Suppose b + 107 = 4*c + t*b, -c = -3*b - 14. What is the units digit of c?
3
Let h(o) = -9*o**2 + 8*o**2 - 74*o**3 - 3*o + 2*o - 1. Let z be h(-1). Let g = 103 - z. What is the tens digit of g?
3
Suppose r + 16 = -11. Let z = 8 - r. What is the tens digit of z?
3
Let j(a) = -5*a**2 + 2*a - 1. Let s be j(2). Let r = -8 - s. Let y = 2 + r. What is the units digit of y?
1
Let s(y) = y**2 - 13*y + 2. Let p be s(13). Suppose 5*c - 4*c = -p*i + 136, 0 = 5*i - 10. What is the tens digit of c?
3
Let r = -70 + 63. What is the hundreds digit of (r/14)/((-1)/260)?
1
Let g = -771 + 1116. Suppose -g = -5*w - 3*n, 2*w - 7*w + 355 = 5*n. What is the units digit of w?
6
Let v = -147 - -683. What is the tens digit of v?
3
Let v = 3199 - 953. What is the tens digit of v?
4
Suppose 701 = -14*p - 1889. Let b = p - -320. What is the tens digit of b?
3
Let z(a) = -198*a**3 - 18*a**2 + 2. What is the thousands digit of z(-2)?
1
Suppose 3*d - 5482 = a, -d - 4*a + 247 = -1602. What is the hundreds digit of d?
8
Let v(t) = 4*t + 20. Let p be v(-6). Let y = p + 9. Let f = 10 + y. What is the tens digit of f?
1
Let f = -63 - -51. What is the tens digit of 30/f*(2 + -8)?
1
Let y = -159 + 123. What is the hundreds digit of 8/36 - 10612/y?
2
Let q = -6 + 10. Let h be (-1)/(q/(-8))*-1. What is the units digit of h/(-7) + 865/35?
5
Suppose -8*v + 6*v = -272. Suppose u - 3*r - 65 = -16, -3*u - 2*r = -v. What is the tens digit of u?
4
Let j(i) = i**3 + 11*i**2 - 5*i - 2. Let w = -65 - -54. What is the tens digit of j(w)?
5
Let h(k) be the third derivative of k**6/120 + 7*k**5/60 - 5*k**4/24 + 13*k**2. What is the units digit of h(-4)?
8
Let w(z) = -5*z**2 - 9*z - 9 + 2*z**2 + 5*z**2 - z**2. Let s be w(7). Let v = s - -32. What is the units digit of v?
9
Suppose -3*u = 2*o - 69, 2*u - 3*o + 2*o - 39 = 0. Let z(c) = -22*c**2 + u*c**2 + 6*c + 2*c. What is the units digit of z(6)?
2
Let a(d) = d**2 + 4*d + 404. What is the hundreds digit of a(0)?
4
Let y = 1473 + -714. What is the tens digit of y?
5
Suppose -6*n + 15 = -n + 5*m, 6 = 2*n + m. Suppose -13*y + 14*y = 3*k - 646, 2*k + n*y = 438. What is the hundreds digit of k?
2
Suppose -61*q + 60*q = 2*w - 5888, 0 = -4*w - 4*q + 11772. What is the tens digit of w?
4
Let s(q) = 14*q - 12. Let d(y) be the second derivative of -y**2/2 - 9*y. Let o(h) = -6*d(h) + s(h). What is the units digit of o(4)?
0
Let v(j) = -j**2 + 7*j + 2. Suppose 4*k - 17 = -5. What is the tens digit of v(k)?
1
Suppose 13*y - 8 = 11*y. Suppose 4*r - 472 + y = 0. What is the hundreds digit of r?
1
Let v(s) = -2*s + 29. Let m(r) = -r**3 + 3*r**2 - 4*r. Let x be m(3). What is the tens digit of v(x)?
5
Let q = -31 - -33. Suppose 45 = q*v - 81. What is the units digit of v?
3
Let p be 7500/(-35) + (-4)/(-14) - 2. Let v = 310 + p. What is the tens digit of v?
9
Suppose -2*w = -q - 51, q = -4*w + 45 + 72. Suppose 26*j = w*j - 152. What is the tens digit of j?
7
Let x(u) = 47*u - 82. What is the tens digit of x(3)?
5
Let d(r) = -25*r - 7. Let u be d(-5). Let q = u - 66. What is the units digit of q?
2
Let z = 367 - -126. What is the tens digit of z?
9
What is the tens digit of (-15)/(-21) + -1 + 3414/42?
8
Let z(u) = 3*u**2 - 58*u + 106. What is the units digit of z(34)?
2
Let m(z) = z**3 + 25*z**2 + 19*z + 125. What is the units digit of m(-21)?
0
Suppose 7*r - 2*r = -90. What is the hundreds digit of (-588)/r*3 + (-1 - -3)?
1
Suppose 4*x - 259 = -67. What is the tens digit of (1032/x)/(2/4)?
4
Suppose -3*p - 3*m + 5706 = 0, 15*m - 10*m = -p + 1918. What is the units digit of p?
8
Let h be 1 + 97 + 12/3. Suppose 3*r - h = 5*y, 54 = r - 0*r + 5*y. What is the units digit of r?
9
Suppose 13 + 1652 = -3*u. What is the units digit of u/(-9) + 4/(-6)?
1
What is the units digit of (9/6 - 2) + (-2488)/(-16)?
5
Let s(g) = -2*g - 2. Suppose -5*y + 28 = -4*x, 2*y - 1 = -2*x + 3. Let w be s(x). What is the tens digit of -1 - ((w - 3) + -39)?
3
Suppose -2*b - 5*p + 20 = -6, p = -b + 7. Suppose -2*x + b*m + 35 = 3*x, 9 = x - m. Suppose 6 - 14 = -x*g. What is the units digit of g?
2
Suppose 0 = g - 45 - 7. Suppose -4*i + 6 = -2*c, 0*c + i = -2*c + 14. Suppose -183 = -c*q + g. What is the tens digit of q?
4
Let s(k) = -k**2 + 11*k - 15. Let b be s(10). Let r be (1*34)/(b/(-10)). Suppose -20 = a - r. What is the units digit of a?
8
Let m(h) = -2*h - 6. Let k be m(-6). Let c = k - -18. Suppose f + c = 2*f + 2*i, -5*f - 2*i = -128. What is the units digit of f?
6
Let i(o) = -o + 1. Suppose 3*v = -3*z - 3 - 9, -3*z = 5*v + 20. Let b be i(z). What is the units digit of b/(-2)*2*-3?
3
Let h(v) = v**3 - v**2 - 49. Let y = 9 + -9. Let s be h(y). Let o = 70 + s. What is the units digit of o?
1
Suppose 7*d - 4*d = 0. Suppose d = -y + 5*n - 22, -y - 4*n + 15 = -8. Suppose 39 - 156 = -y*v. What is the tens digit of v?
3
Suppose 0 = 247*x - 252*x + 2490. What is the hundreds digit of x?
4
Let l(x) = x**3 - 6*x**2 - 4*x - 3. Let w(m) = -m - 12. Let b be w(6). Let d be (b/(-12))/((-3)/(-14)). What is the units digit of l(d)?
8
Suppose 3154 + 374 = 9*r. What is the hundreds digit of r?
3
Let t = 6 + -4. Suppose 6 = t*f - 2. What is the units digit of (-1)/f*(-18 - 10)?
7
Let y = -31 - -95. Suppose 154 = 3*c + 2*b, 4*c - y = -3*b + 141. What is the tens digit of c?
5
Suppose 63 = -3*f - b + 431, 5*f = 2*b + 628. Suppose 0 = -4*p + 128 + f. What is the tens digit of p?
6
Let b(f) = 134*f**2 + 3*f + 1. What is the hundreds digit of b(2)?
5
Suppose -3*t = -20 - 4. Suppose t*g = 5*g. Suppose 3*j + g*j - 15 = 0. What is the units digit of j?
5
Suppose 3*x = -746 + 3188. What is the tens digit of x?
1
What is the units digit of (45 + -46)*(-1 - 176 - -1)?
6
Let v be (-10)/((-6)/4 - -2). Let t = v - -26. What is the units digit of t?
6
Let t(y) = 200*y + 262. What is the hundreds digit of t(6)?
4
Let v = -192 - -136. What is the tens digit of -21*v/9*(-12)/(-16)?
9
Let j = 6352 + -3214. What is the tens digit of j?
3
Suppose -5*r = -3*s + s + 1485, 4*s - 2900 = -4*r. What is the units digit of s?
0
Suppose -866*a = -873*a + 14. Let o(u) = 146*u**3 - 2*u + 1. Let l be o(1). Suppose -4*i + a*g + 106 = 0, i - 5*g = -4*i + l. What is the units digit of i?
4
Let t(n) = 0*n**2 - 60*n + n**2 + 52*n + 6. Let m be t(5). What is the units digit of 4/(-3)*2*m?
4
Suppose 0 = -3*y - 2*y + 2*v - 146, -3*y + 4*v = 82. Let n be 4/y + (-14)/(-105). Suppose -4*f + 113 - 1 = n. What is the units digit of f?
8
Suppose 2*f = -2*f - 4*r - 128, 4*f + 132 = -3*r. Let u = 8 - f. Suppose -66 - u = -5*a. What is the tens digit of a?
2
Let j(m) = -m**2 - 6*m - 5. Let a be (-2)/7 + 282/(-42). Let o be j(a). What is the tens digit of o/3*34/(-8)?
1
Let h = 905 + -365. What is the units digit of h?
0
Suppose 10*p = 979 + 5171. What is the units digit of p?
5
Suppose a = 594 - 128. What is the tens digit of a?
6
Suppose -11*s - 2*s + 5382 = 0. What is the tens digit of s?
1
Let t(n) = 163*n**2 + 6*n + 4. What is the hundreds digit of t(-3)?
4
Suppose 10472 = -75*b + 82*b. What is the units digit of b?
6
Let m be ((-10)/4)/(9/(-18)). Suppose 4*k = -m*f + 228, f + k